{"id":5002,"date":"2021-09-28T09:23:10","date_gmt":"2021-09-28T07:23:10","guid":{"rendered":"https:\/\/interreg-croatia-serbia.eu\/2014\/?post_type=novost&#038;p=5002"},"modified":"2021-09-28T09:23:12","modified_gmt":"2021-09-28T07:23:12","slug":"final-conference-of-project-inclusive-community","status":"publish","type":"novost","link":"https:\/\/interreg-croatia-serbia.eu\/2014\/novost\/final-conference-of-project-inclusive-community\/","title":{"rendered":"Final conference of project Inclusive Community"},"content":{"rendered":"\n<p>On 23 September 2021, the final conference of project &#8220;Inclusive community&#8221; was held in Osijek. The conference was opened with welcoming words of deputy mayor of City of Osijek, Dragan Vulin.<\/p>\n\n\n\n<p>At the conference partners presented joint achievements and innovations created through cross-border cooperation project in the field of social inclusion, development of the concept of inclusive communities and the provision of social services.<\/p>\n\n\n\n<p>Jelena Kamenko Mayer from DKolektiv \u2013 organisation for social development (Osijek) and Danijela Kora\u0107-Mandi\u0107 from Novi Sad Humanitarian Centre presented the activities of social centers in Osijek and Novi Sad, which were launched as programmes of these organisations to provide support, services and activities that contribute to social inclusion and overcoming alienation for more than 300 beneficiaries. The premises of both centres are renovated with project funds.<\/p>\n\n\n\n<p>Vedran Radanovi\u0107 from the Croatian Red Cross City Branch organisation of the Red Cross of<\/p>\n\n\n\n<p>Osijek presented the work of the social service, which was established and renovated during the project, and enabled the provision of humanitarian aid, distribution of clothes and medical equipment for more than 2,500 beneficiaries in need.<\/p>\n\n\n\n<p>The e-social card system was developed by the City of Osijek and presents an innovation that has improved the system of providing and monitoring of social services for all beneficiaries in Osijek. E-social cards enable greater availability and efficiency of services such as housing, transportation, assistance, social benefits, services in the field of culture and recreation, for at least 850 beneficiaries. The e-social cards and their functioning was presented by Head of the Administrative Department for Social Welfare, Pensioners and Health of City of Osijek, Romano Kristi\u0107.<\/p>\n\n\n\n<p>During the conference, long-term social plans in Osijek and Novi Sad, developed through a participatory process during the project were presented by Gordana Stojanovi\u0107 from the City of Osijek and Danijela Kora\u0107-Mandi\u0107 from Novi Sad Humanitarian Centre.<\/p>\n\n\n\n<p>In the second part of the conference, study visits were organised to partner organisations (City of Osijek, DKolektiv \u2013 organisation for social development and Croatian Red Cross City Branch organisation of the Red Cross of Osijek), as well as other social service providers in Osijek (Centre for missing and abused children, Community service centre \u201cKlasje\u201d and Community service centre \u201cMe just like You\u201d). In parallel with the study visits, a cross-border exchange of senior volunteers involved in the project was organised.<\/p>\n\n\n\n<figure class=\"wp-block-image size-large\"><img fetchpriority=\"high\" decoding=\"async\" width=\"1024\" height=\"683\" src=\"https:\/\/interreg-croatia-serbia.eu\/2014\/wp-content\/uploads\/2021\/09\/Studijska-posjeta-1024x683.jpg\" alt=\"\" class=\"wp-image-5006\" srcset=\"https:\/\/interreg-croatia-serbia.eu\/2014\/wp-content\/uploads\/2021\/09\/Studijska-posjeta-1024x683.jpg 1024w, https:\/\/interreg-croatia-serbia.eu\/2014\/wp-content\/uploads\/2021\/09\/Studijska-posjeta-300x200.jpg 300w, https:\/\/interreg-croatia-serbia.eu\/2014\/wp-content\/uploads\/2021\/09\/Studijska-posjeta-768x512.jpg 768w, https:\/\/interreg-croatia-serbia.eu\/2014\/wp-content\/uploads\/2021\/09\/Studijska-posjeta-1536x1024.jpg 1536w, https:\/\/interreg-croatia-serbia.eu\/2014\/wp-content\/uploads\/2021\/09\/Studijska-posjeta.jpg 1920w\" sizes=\"(max-width: 1024px) 100vw, 1024px\" \/><\/figure>\n\n\n\n<figure class=\"wp-block-image size-large\"><img decoding=\"async\" width=\"1024\" height=\"768\" src=\"https:\/\/interreg-croatia-serbia.eu\/2014\/wp-content\/uploads\/2021\/09\/Razm.vol_.Osijek-23.9.21-6-1024x768.jpg\" alt=\"\" class=\"wp-image-5005\" srcset=\"https:\/\/interreg-croatia-serbia.eu\/2014\/wp-content\/uploads\/2021\/09\/Razm.vol_.Osijek-23.9.21-6-1024x768.jpg 1024w, https:\/\/interreg-croatia-serbia.eu\/2014\/wp-content\/uploads\/2021\/09\/Razm.vol_.Osijek-23.9.21-6-300x225.jpg 300w, https:\/\/interreg-croatia-serbia.eu\/2014\/wp-content\/uploads\/2021\/09\/Razm.vol_.Osijek-23.9.21-6-768x576.jpg 768w, https:\/\/interreg-croatia-serbia.eu\/2014\/wp-content\/uploads\/2021\/09\/Razm.vol_.Osijek-23.9.21-6-1536x1152.jpg 1536w, https:\/\/interreg-croatia-serbia.eu\/2014\/wp-content\/uploads\/2021\/09\/Razm.vol_.Osijek-23.9.21-6.jpg 1920w\" sizes=\"(max-width: 1024px) 100vw, 1024px\" \/><\/figure>\n\n\n\n<figure class=\"wp-block-image size-large\"><img decoding=\"async\" width=\"1024\" height=\"683\" src=\"https:\/\/interreg-croatia-serbia.eu\/2014\/wp-content\/uploads\/2021\/09\/IMG_5153-1024x683.jpg\" alt=\"\" class=\"wp-image-5004\" srcset=\"https:\/\/interreg-croatia-serbia.eu\/2014\/wp-content\/uploads\/2021\/09\/IMG_5153-1024x683.jpg 1024w, https:\/\/interreg-croatia-serbia.eu\/2014\/wp-content\/uploads\/2021\/09\/IMG_5153-300x200.jpg 300w, https:\/\/interreg-croatia-serbia.eu\/2014\/wp-content\/uploads\/2021\/09\/IMG_5153-768x512.jpg 768w, https:\/\/interreg-croatia-serbia.eu\/2014\/wp-content\/uploads\/2021\/09\/IMG_5153-1536x1024.jpg 1536w, https:\/\/interreg-croatia-serbia.eu\/2014\/wp-content\/uploads\/2021\/09\/IMG_5153.jpg 1920w\" sizes=\"(max-width: 1024px) 100vw, 1024px\" \/><\/figure>\n\n\n\n<figure class=\"wp-block-image size-large\"><img loading=\"lazy\" decoding=\"async\" width=\"1024\" height=\"683\" src=\"https:\/\/interreg-croatia-serbia.eu\/2014\/wp-content\/uploads\/2021\/09\/Foto-1-12-1024x683.jpg\" alt=\"\" class=\"wp-image-5003\" srcset=\"https:\/\/interreg-croatia-serbia.eu\/2014\/wp-content\/uploads\/2021\/09\/Foto-1-12-1024x683.jpg 1024w, https:\/\/interreg-croatia-serbia.eu\/2014\/wp-content\/uploads\/2021\/09\/Foto-1-12-300x200.jpg 300w, https:\/\/interreg-croatia-serbia.eu\/2014\/wp-content\/uploads\/2021\/09\/Foto-1-12-768x512.jpg 768w, https:\/\/interreg-croatia-serbia.eu\/2014\/wp-content\/uploads\/2021\/09\/Foto-1-12-1536x1024.jpg 1536w, https:\/\/interreg-croatia-serbia.eu\/2014\/wp-content\/uploads\/2021\/09\/Foto-1-12.jpg 1920w\" sizes=\"(max-width: 1024px) 100vw, 1024px\" \/><\/figure>\n","protected":false},"featured_media":5003,"template":"","news-category":[27],"project-category":[72],"_links":{"self":[{"href":"https:\/\/interreg-croatia-serbia.eu\/2014\/wp-json\/wp\/v2\/novost\/5002"}],"collection":[{"href":"https:\/\/interreg-croatia-serbia.eu\/2014\/wp-json\/wp\/v2\/novost"}],"about":[{"href":"https:\/\/interreg-croatia-serbia.eu\/2014\/wp-json\/wp\/v2\/types\/novost"}],"wp:featuredmedia":[{"embeddable":true,"href":"https:\/\/interreg-croatia-serbia.eu\/2014\/wp-json\/wp\/v2\/media\/5003"}],"wp:attachment":[{"href":"https:\/\/interreg-croatia-serbia.eu\/2014\/wp-json\/wp\/v2\/media?parent=5002"}],"wp:term":[{"taxonomy":"news-category","embeddable":true,"href":"https:\/\/interreg-croatia-serbia.eu\/2014\/wp-json\/wp\/v2\/news-category?post=5002"},{"taxonomy":"project-category","embeddable":true,"href":"https:\/\/interreg-croatia-serbia.eu\/2014\/wp-json\/wp\/v2\/project-category?post=5002"}],"curies":[{"name":"wp","href":"https:\/\/api.w.org\/{rel}","templated":true}]}}

<p>On 23 September 2021, the final conference of project &#8220;Inclusive community&#8221; was held in Osijek. The conference was opened with welcoming words of deputy mayor of City of Osijek, Dragan Vulin.</p>



<p>At the conference partners presented joint achievements and innovations created through cross-border cooperation project in the field of social inclusion, development of the concept of inclusive communities and the provision of social services.</p>



<p>Jelena Kamenko Mayer from DKolektiv – organisation for social development (Osijek) and Danijela Korać-Mandić from Novi Sad Humanitarian Centre presented the activities of social centers in Osijek and Novi Sad, which were launched as programmes of these organisations to provide support, services and activities that contribute to social inclusion and overcoming alienation for more than 300 beneficiaries. The premises of both centres are renovated with project funds.</p>



<p>Vedran Radanović from the Croatian Red Cross City Branch organisation of the Red Cross of</p>



<p>Osijek presented the work of the social service, which was established and renovated during the project, and enabled the provision of humanitarian aid, distribution of clothes and medical equipment for more than 2,500 beneficiaries in need.</p>



<p>The e-social card system was developed by the City of Osijek and presents an innovation that has improved the system of providing and monitoring of social services for all beneficiaries in Osijek. E-social cards enable greater availability and efficiency of services such as housing, transportation, assistance, social benefits, services in the field of culture and recreation, for at least 850 beneficiaries. The e-social cards and their functioning was presented by Head of the Administrative Department for Social Welfare, Pensioners and Health of City of Osijek, Romano Kristić.</p>



<p>During the conference, long-term social plans in Osijek and Novi Sad, developed through a participatory process during the project were presented by Gordana Stojanović from the City of Osijek and Danijela Korać-Mandić from Novi Sad Humanitarian Centre.</p>



<p>In the second part of the conference, study visits were organised to partner organisations (City of Osijek, DKolektiv – organisation for social development and Croatian Red Cross City Branch organisation of the Red Cross of Osijek), as well as other social service providers in Osijek (Centre for missing and abused children, Community service centre “Klasje” and Community service centre “Me just like You”). In parallel with the study visits, a cross-border exchange of senior volunteers involved in the project was organised.</p>



<figure class="wp-block-image size-large"><img fetchpriority="high" decoding="async" width="1024" height="683" src="https://interreg-croatia-serbia.eu/2014/wp-content/uploads/2021/09/Studijska-posjeta-1024x683.jpg" alt="" class="wp-image-5006" srcset="https://interreg-croatia-serbia.eu/2014/wp-content/uploads/2021/09/Studijska-posjeta-1024x683.jpg 1024w, https://interreg-croatia-serbia.eu/2014/wp-content/uploads/2021/09/Studijska-posjeta-300x200.jpg 300w, https://interreg-croatia-serbia.eu/2014/wp-content/uploads/2021/09/Studijska-posjeta-768x512.jpg 768w, https://interreg-croatia-serbia.eu/2014/wp-content/uploads/2021/09/Studijska-posjeta-1536x1024.jpg 1536w, https://interreg-croatia-serbia.eu/2014/wp-content/uploads/2021/09/Studijska-posjeta.jpg 1920w" sizes="(max-width: 1024px) 100vw, 1024px" /></figure>



<figure class="wp-block-image size-large"><img decoding="async" width="1024" height="768" src="https://interreg-croatia-serbia.eu/2014/wp-content/uploads/2021/09/Razm.vol_.Osijek-23.9.21-6-1024x768.jpg" alt="" class="wp-image-5005" srcset="https://interreg-croatia-serbia.eu/2014/wp-content/uploads/2021/09/Razm.vol_.Osijek-23.9.21-6-1024x768.jpg 1024w, https://interreg-croatia-serbia.eu/2014/wp-content/uploads/2021/09/Razm.vol_.Osijek-23.9.21-6-300x225.jpg 300w, https://interreg-croatia-serbia.eu/2014/wp-content/uploads/2021/09/Razm.vol_.Osijek-23.9.21-6-768x576.jpg 768w, https://interreg-croatia-serbia.eu/2014/wp-content/uploads/2021/09/Razm.vol_.Osijek-23.9.21-6-1536x1152.jpg 1536w, https://interreg-croatia-serbia.eu/2014/wp-content/uploads/2021/09/Razm.vol_.Osijek-23.9.21-6.jpg 1920w" sizes="(max-width: 1024px) 100vw, 1024px" /></figure>



<figure class="wp-block-image size-large"><img decoding="async" width="1024" height="683" src="https://interreg-croatia-serbia.eu/2014/wp-content/uploads/2021/09/IMG_5153-1024x683.jpg" alt="" class="wp-image-5004" srcset="https://interreg-croatia-serbia.eu/2014/wp-content/uploads/2021/09/IMG_5153-1024x683.jpg 1024w, https://interreg-croatia-serbia.eu/2014/wp-content/uploads/2021/09/IMG_5153-300x200.jpg 300w, https://interreg-croatia-serbia.eu/2014/wp-content/uploads/2021/09/IMG_5153-768x512.jpg 768w, https://interreg-croatia-serbia.eu/2014/wp-content/uploads/2021/09/IMG_5153-1536x1024.jpg 1536w, https://interreg-croatia-serbia.eu/2014/wp-content/uploads/2021/09/IMG_5153.jpg 1920w" sizes="(max-width: 1024px) 100vw, 1024px" /></figure>



<figure class="wp-block-image size-large"><img loading="lazy" decoding="async" width="1024" height="683" src="https://interreg-croatia-serbia.eu/2014/wp-content/uploads/2021/09/Foto-1-12-1024x683.jpg" alt="" class="wp-image-5003" srcset="https://interreg-croatia-serbia.eu/2014/wp-content/uploads/2021/09/Foto-1-12-1024x683.jpg 1024w, https://interreg-croatia-serbia.eu/2014/wp-content/uploads/2021/09/Foto-1-12-300x200.jpg 300w, https://interreg-croatia-serbia.eu/2014/wp-content/uploads/2021/09/Foto-1-12-768x512.jpg 768w, https://interreg-croatia-serbia.eu/2014/wp-content/uploads/2021/09/Foto-1-12-1536x1024.jpg 1536w, https://interreg-croatia-serbia.eu/2014/wp-content/uploads/2021/09/Foto-1-12.jpg 1920w" sizes="(max-width: 1024px) 100vw, 1024px" /></figure>
