{"id":4979,"date":"2021-09-17T15:35:21","date_gmt":"2021-09-17T13:35:21","guid":{"rendered":"https:\/\/interreg-croatia-serbia.eu\/2014\/?post_type=novost&#038;p=4979"},"modified":"2021-09-17T15:39:31","modified_gmt":"2021-09-17T13:39:31","slug":"project-rescue-with-electric-bicycles-from-osijek-to-novi-sad","status":"publish","type":"novost","link":"https:\/\/interreg-croatia-serbia.eu\/2014\/novost\/project-rescue-with-electric-bicycles-from-osijek-to-novi-sad\/","title":{"rendered":"Project RESCUE &#8211; with electric bicycles from Osijek to Novi Sad"},"content":{"rendered":"\n<p>In order to promote project &#8220;Renewable Energy Sources for smart sustainable health Centers, University Education and other public buildings &#8211; RESCUE&#8221;, on 8 September 2021 a four-member team (Prof Damir \u0160ljivac, Prof Denis Pelin, Dario Do\u0161en and Mario Primorac supported by Matej \u017dnidarec and Tihana Vajnand by car) from the Faculty of Electrical Engineering, Computing and Information Technology (FERIT) set off from Osijek to Novi Sad with electric bicycles purchased for promotion of the project.<\/p>\n\n\n\n<p>Novi Sad was chosen as a destination because the lead partner of the project is the Faculty of Technical Sciences in Novi Sad and the RESCUE project was presented as part of the conference on electric vehicles &#8220;<a href=\"https:\/\/ev-days.rs\/\" target=\"_blank\" rel=\"noreferrer noopener\">EV days<\/a>&#8221; (Electric &amp; Hybrid Technology), which was held on 9 and 10 September.<\/p>\n\n\n\n<p>It takes approximately five hours to travel from Osijek to Novi Sad by electric bicycle, which travels at an average speed of 25 kilometers per hour. The project team of Osijek&#8217;s FERIT set out on such a path with the aim of promoting the project of renewable energy sources.<\/p>\n\n\n\n<figure class=\"wp-block-image size-large is-resized\"><img fetchpriority=\"high\" decoding=\"async\" src=\"https:\/\/www.glas-slavonije.hr\/Slike\/2021\/09\/08092120510375.jpg\" alt=\"\" width=\"1018\" height=\"679\"\/><\/figure>\n\n\n\n<figure class=\"wp-block-image size-full is-resized\"><img decoding=\"async\" src=\"https:\/\/interreg-croatia-serbia.eu\/2014\/wp-content\/uploads\/2021\/09\/540366.jpg\" alt=\"\" class=\"wp-image-4981\" width=\"1021\" height=\"680\" srcset=\"https:\/\/interreg-croatia-serbia.eu\/2014\/wp-content\/uploads\/2021\/09\/540366.jpg 652w, https:\/\/interreg-croatia-serbia.eu\/2014\/wp-content\/uploads\/2021\/09\/540366-300x200.jpg 300w\" sizes=\"(max-width: 1021px) 100vw, 1021px\" \/><\/figure>\n\n\n\n<hr class=\"wp-block-separator\"\/>\n\n\n\n<figure class=\"wp-block-embed is-type-rich is-provider-embed-handler wp-block-embed-embed-handler wp-embed-aspect-16-9 wp-has-aspect-ratio\"><div class=\"wp-block-embed__wrapper\">\n<iframe title=\"FERIT-ovci e-biciklima krenuli put Novog Sada\" width=\"1200\" height=\"675\" src=\"https:\/\/www.youtube.com\/embed\/qGrTqU8PzCk?feature=oembed\" frameborder=\"0\" allow=\"accelerometer; autoplay; clipboard-write; encrypted-media; gyroscope; picture-in-picture\" allowfullscreen><\/iframe>\n<\/div><\/figure>\n\n\n\n<p><\/p>\n","protected":false},"featured_media":4981,"template":"","news-category":[27],"project-category":[76],"_links":{"self":[{"href":"https:\/\/interreg-croatia-serbia.eu\/2014\/wp-json\/wp\/v2\/novost\/4979"}],"collection":[{"href":"https:\/\/interreg-croatia-serbia.eu\/2014\/wp-json\/wp\/v2\/novost"}],"about":[{"href":"https:\/\/interreg-croatia-serbia.eu\/2014\/wp-json\/wp\/v2\/types\/novost"}],"wp:featuredmedia":[{"embeddable":true,"href":"https:\/\/interreg-croatia-serbia.eu\/2014\/wp-json\/wp\/v2\/media\/4981"}],"wp:attachment":[{"href":"https:\/\/interreg-croatia-serbia.eu\/2014\/wp-json\/wp\/v2\/media?parent=4979"}],"wp:term":[{"taxonomy":"news-category","embeddable":true,"href":"https:\/\/interreg-croatia-serbia.eu\/2014\/wp-json\/wp\/v2\/news-category?post=4979"},{"taxonomy":"project-category","embeddable":true,"href":"https:\/\/interreg-croatia-serbia.eu\/2014\/wp-json\/wp\/v2\/project-category?post=4979"}],"curies":[{"name":"wp","href":"https:\/\/api.w.org\/{rel}","templated":true}]}}

<p>In order to promote project &#8220;Renewable Energy Sources for smart sustainable health Centers, University Education and other public buildings &#8211; RESCUE&#8221;, on 8 September 2021 a four-member team (Prof Damir Šljivac, Prof Denis Pelin, Dario Došen and Mario Primorac supported by Matej Žnidarec and Tihana Vajnand by car) from the Faculty of Electrical Engineering, Computing and Information Technology (FERIT) set off from Osijek to Novi Sad with electric bicycles purchased for promotion of the project.</p>



<p>Novi Sad was chosen as a destination because the lead partner of the project is the Faculty of Technical Sciences in Novi Sad and the RESCUE project was presented as part of the conference on electric vehicles &#8220;<a href="https://ev-days.rs/" target="_blank" rel="noreferrer noopener">EV days</a>&#8221; (Electric &amp; Hybrid Technology), which was held on 9 and 10 September.</p>



<p>It takes approximately five hours to travel from Osijek to Novi Sad by electric bicycle, which travels at an average speed of 25 kilometers per hour. The project team of Osijek&#8217;s FERIT set out on such a path with the aim of promoting the project of renewable energy sources.</p>



<figure class="wp-block-image size-large is-resized"><img fetchpriority="high" decoding="async" src="https://www.glas-slavonije.hr/Slike/2021/09/08092120510375.jpg" alt="" width="1018" height="679"/></figure>



<figure class="wp-block-image size-full is-resized"><img decoding="async" src="https://interreg-croatia-serbia.eu/2014/wp-content/uploads/2021/09/540366.jpg" alt="" class="wp-image-4981" width="1021" height="680" srcset="https://interreg-croatia-serbia.eu/2014/wp-content/uploads/2021/09/540366.jpg 652w, https://interreg-croatia-serbia.eu/2014/wp-content/uploads/2021/09/540366-300x200.jpg 300w" sizes="(max-width: 1021px) 100vw, 1021px" /></figure>



<hr class="wp-block-separator"/>



<figure class="wp-block-embed is-type-rich is-provider-embed-handler wp-block-embed-embed-handler wp-embed-aspect-16-9 wp-has-aspect-ratio"><div class="wp-block-embed__wrapper">
<iframe title="FERIT-ovci e-biciklima krenuli put Novog Sada" width="1200" height="675" src="https://www.youtube.com/embed/qGrTqU8PzCk?feature=oembed" frameborder="0" allow="accelerometer; autoplay; clipboard-write; encrypted-media; gyroscope; picture-in-picture" allowfullscreen></iframe>
</div></figure>



<p></p>
