{"id":4862,"date":"2021-07-12T14:30:58","date_gmt":"2021-07-12T12:30:58","guid":{"rendered":"https:\/\/interreg-croatia-serbia.eu\/2014\/?post_type=novost&#038;p=4862"},"modified":"2021-07-12T14:30:59","modified_gmt":"2021-07-12T12:30:59","slug":"project-support-life-final-conference-held-in-ilok","status":"publish","type":"novost","link":"https:\/\/interreg-croatia-serbia.eu\/2014\/novost\/project-support-life-final-conference-held-in-ilok\/","title":{"rendered":"Project Support Life final conference held in Ilok"},"content":{"rendered":"\n<p>On 29 June 2021 project &#8221;Support Life&#8221; held the final conference at the Principovac Mansion in Ilok, where the results of the project were presented.<\/p>\n\n\n\n<p>A total of 123 health, social and other workers were educated through the project, and medical equipment and vehicle needed to provide health and social services were procured. Mobile teams for elderly people and persons with disabilities were organised and they provided health and social services for more than 740 people.<\/p>\n\n\n\n<p>One department in Home Ilok has been reconstructed and equipped with 10 beds for people in terminal phase of illness.<\/p>\n\n\n\n<p>The final conference was attended by Deputy Head of Social Welfare of Vukovar-Srijem County Andrijana Dujmovi\u0107, Deputy Head of Finance Service of Vukovar \u2013Srijem County Sandra Ad\u017eaga, representative of Town Ilok Ivana Aramba\u0161i\u0107, president assembly of the City of \u0160abac Nemanja Paji\u0107, and other representatives of health and social institutions of Vukovar-Srijem County and other counties, business partners participating in the project and partners in the project.<\/p>\n\n\n\n<p>Director of Home Ilok Ms Darija Nikoli\u0107 talked about project&#8217;s activities and thanked all those who participated in the project. Also, Director of Caritas \u0160abac Mr Miroljub Nikoli\u0107 noted the importance of this kind of service and how much the project contributed to the local community of \u0160abac.<\/p>\n\n\n\n<p>Through the implementation of the project, it was established a great need for this kind of services and we hope that the project &#8221;Support Life&#8221; will be a good example of practice for other institutions and organizations.<\/p>\n\n\n\n<p>The total value of the project is \u20ac 1.012.600,83. Partners in the project are the Home for elderly and infirm persons Ilok, Association of persons with disabilities Bubamara, Caritas \u0160abac and Health Center Dr. Draga Ljo\u010di\u0107.<\/p>\n\n\n\n<figure class=\"wp-block-image size-large\"><img fetchpriority=\"high\" decoding=\"async\" width=\"1024\" height=\"768\" src=\"https:\/\/interreg-croatia-serbia.eu\/2014\/wp-content\/uploads\/2021\/07\/DSC00116-1024x768.jpg\" alt=\"\" class=\"wp-image-4865\" srcset=\"https:\/\/interreg-croatia-serbia.eu\/2014\/wp-content\/uploads\/2021\/07\/DSC00116-1024x768.jpg 1024w, https:\/\/interreg-croatia-serbia.eu\/2014\/wp-content\/uploads\/2021\/07\/DSC00116-300x225.jpg 300w, https:\/\/interreg-croatia-serbia.eu\/2014\/wp-content\/uploads\/2021\/07\/DSC00116-768x576.jpg 768w, https:\/\/interreg-croatia-serbia.eu\/2014\/wp-content\/uploads\/2021\/07\/DSC00116-1536x1152.jpg 1536w, https:\/\/interreg-croatia-serbia.eu\/2014\/wp-content\/uploads\/2021\/07\/DSC00116.jpg 1920w\" sizes=\"(max-width: 1024px) 100vw, 1024px\" \/><\/figure>\n\n\n\n<figure class=\"wp-block-image size-large\"><img decoding=\"async\" width=\"1024\" height=\"768\" src=\"https:\/\/interreg-croatia-serbia.eu\/2014\/wp-content\/uploads\/2021\/07\/DSC00099-1024x768.jpg\" alt=\"\" class=\"wp-image-4864\" srcset=\"https:\/\/interreg-croatia-serbia.eu\/2014\/wp-content\/uploads\/2021\/07\/DSC00099-1024x768.jpg 1024w, https:\/\/interreg-croatia-serbia.eu\/2014\/wp-content\/uploads\/2021\/07\/DSC00099-300x225.jpg 300w, https:\/\/interreg-croatia-serbia.eu\/2014\/wp-content\/uploads\/2021\/07\/DSC00099-768x576.jpg 768w, https:\/\/interreg-croatia-serbia.eu\/2014\/wp-content\/uploads\/2021\/07\/DSC00099-1536x1152.jpg 1536w, https:\/\/interreg-croatia-serbia.eu\/2014\/wp-content\/uploads\/2021\/07\/DSC00099.jpg 1920w\" sizes=\"(max-width: 1024px) 100vw, 1024px\" \/><\/figure>\n\n\n\n<figure class=\"wp-block-image size-large\"><img decoding=\"async\" width=\"1024\" height=\"768\" src=\"https:\/\/interreg-croatia-serbia.eu\/2014\/wp-content\/uploads\/2021\/07\/DSC00095-1024x768.jpg\" alt=\"\" class=\"wp-image-4863\" srcset=\"https:\/\/interreg-croatia-serbia.eu\/2014\/wp-content\/uploads\/2021\/07\/DSC00095-1024x768.jpg 1024w, https:\/\/interreg-croatia-serbia.eu\/2014\/wp-content\/uploads\/2021\/07\/DSC00095-300x225.jpg 300w, https:\/\/interreg-croatia-serbia.eu\/2014\/wp-content\/uploads\/2021\/07\/DSC00095-768x576.jpg 768w, https:\/\/interreg-croatia-serbia.eu\/2014\/wp-content\/uploads\/2021\/07\/DSC00095-1536x1152.jpg 1536w, https:\/\/interreg-croatia-serbia.eu\/2014\/wp-content\/uploads\/2021\/07\/DSC00095.jpg 1920w\" sizes=\"(max-width: 1024px) 100vw, 1024px\" \/><\/figure>\n","protected":false},"featured_media":4863,"template":"","news-category":[27],"project-category":[73],"_links":{"self":[{"href":"https:\/\/interreg-croatia-serbia.eu\/2014\/wp-json\/wp\/v2\/novost\/4862"}],"collection":[{"href":"https:\/\/interreg-croatia-serbia.eu\/2014\/wp-json\/wp\/v2\/novost"}],"about":[{"href":"https:\/\/interreg-croatia-serbia.eu\/2014\/wp-json\/wp\/v2\/types\/novost"}],"wp:featuredmedia":[{"embeddable":true,"href":"https:\/\/interreg-croatia-serbia.eu\/2014\/wp-json\/wp\/v2\/media\/4863"}],"wp:attachment":[{"href":"https:\/\/interreg-croatia-serbia.eu\/2014\/wp-json\/wp\/v2\/media?parent=4862"}],"wp:term":[{"taxonomy":"news-category","embeddable":true,"href":"https:\/\/interreg-croatia-serbia.eu\/2014\/wp-json\/wp\/v2\/news-category?post=4862"},{"taxonomy":"project-category","embeddable":true,"href":"https:\/\/interreg-croatia-serbia.eu\/2014\/wp-json\/wp\/v2\/project-category?post=4862"}],"curies":[{"name":"wp","href":"https:\/\/api.w.org\/{rel}","templated":true}]}}

<p>On 29 June 2021 project &#8221;Support Life&#8221; held the final conference at the Principovac Mansion in Ilok, where the results of the project were presented.</p>



<p>A total of 123 health, social and other workers were educated through the project, and medical equipment and vehicle needed to provide health and social services were procured. Mobile teams for elderly people and persons with disabilities were organised and they provided health and social services for more than 740 people.</p>



<p>One department in Home Ilok has been reconstructed and equipped with 10 beds for people in terminal phase of illness.</p>



<p>The final conference was attended by Deputy Head of Social Welfare of Vukovar-Srijem County Andrijana Dujmović, Deputy Head of Finance Service of Vukovar –Srijem County Sandra Adžaga, representative of Town Ilok Ivana Arambašić, president assembly of the City of Šabac Nemanja Pajić, and other representatives of health and social institutions of Vukovar-Srijem County and other counties, business partners participating in the project and partners in the project.</p>



<p>Director of Home Ilok Ms Darija Nikolić talked about project&#8217;s activities and thanked all those who participated in the project. Also, Director of Caritas Šabac Mr Miroljub Nikolić noted the importance of this kind of service and how much the project contributed to the local community of Šabac.</p>



<p>Through the implementation of the project, it was established a great need for this kind of services and we hope that the project &#8221;Support Life&#8221; will be a good example of practice for other institutions and organizations.</p>



<p>The total value of the project is € 1.012.600,83. Partners in the project are the Home for elderly and infirm persons Ilok, Association of persons with disabilities Bubamara, Caritas Šabac and Health Center Dr. Draga Ljočić.</p>



<figure class="wp-block-image size-large"><img fetchpriority="high" decoding="async" width="1024" height="768" src="https://interreg-croatia-serbia.eu/2014/wp-content/uploads/2021/07/DSC00116-1024x768.jpg" alt="" class="wp-image-4865" srcset="https://interreg-croatia-serbia.eu/2014/wp-content/uploads/2021/07/DSC00116-1024x768.jpg 1024w, https://interreg-croatia-serbia.eu/2014/wp-content/uploads/2021/07/DSC00116-300x225.jpg 300w, https://interreg-croatia-serbia.eu/2014/wp-content/uploads/2021/07/DSC00116-768x576.jpg 768w, https://interreg-croatia-serbia.eu/2014/wp-content/uploads/2021/07/DSC00116-1536x1152.jpg 1536w, https://interreg-croatia-serbia.eu/2014/wp-content/uploads/2021/07/DSC00116.jpg 1920w" sizes="(max-width: 1024px) 100vw, 1024px" /></figure>



<figure class="wp-block-image size-large"><img decoding="async" width="1024" height="768" src="https://interreg-croatia-serbia.eu/2014/wp-content/uploads/2021/07/DSC00099-1024x768.jpg" alt="" class="wp-image-4864" srcset="https://interreg-croatia-serbia.eu/2014/wp-content/uploads/2021/07/DSC00099-1024x768.jpg 1024w, https://interreg-croatia-serbia.eu/2014/wp-content/uploads/2021/07/DSC00099-300x225.jpg 300w, https://interreg-croatia-serbia.eu/2014/wp-content/uploads/2021/07/DSC00099-768x576.jpg 768w, https://interreg-croatia-serbia.eu/2014/wp-content/uploads/2021/07/DSC00099-1536x1152.jpg 1536w, https://interreg-croatia-serbia.eu/2014/wp-content/uploads/2021/07/DSC00099.jpg 1920w" sizes="(max-width: 1024px) 100vw, 1024px" /></figure>



<figure class="wp-block-image size-large"><img decoding="async" width="1024" height="768" src="https://interreg-croatia-serbia.eu/2014/wp-content/uploads/2021/07/DSC00095-1024x768.jpg" alt="" class="wp-image-4863" srcset="https://interreg-croatia-serbia.eu/2014/wp-content/uploads/2021/07/DSC00095-1024x768.jpg 1024w, https://interreg-croatia-serbia.eu/2014/wp-content/uploads/2021/07/DSC00095-300x225.jpg 300w, https://interreg-croatia-serbia.eu/2014/wp-content/uploads/2021/07/DSC00095-768x576.jpg 768w, https://interreg-croatia-serbia.eu/2014/wp-content/uploads/2021/07/DSC00095-1536x1152.jpg 1536w, https://interreg-croatia-serbia.eu/2014/wp-content/uploads/2021/07/DSC00095.jpg 1920w" sizes="(max-width: 1024px) 100vw, 1024px" /></figure>
