{"id":1403,"date":"2017-10-06T12:55:54","date_gmt":"2017-10-06T10:55:54","guid":{"rendered":"http:\/\/interreg-croatia-serbia2014-2020.hdit.hr\/"},"modified":"2019-07-29T11:40:00","modified_gmt":"2019-07-29T09:40:00","slug":"organic-bridge-opening-conference","status":"publish","type":"novost","link":"https:\/\/interreg-croatia-serbia.eu\/2014\/novost\/organic-bridge-opening-conference\/","title":{"rendered":"ORGANIC BRIDGE opening conference"},"content":{"rendered":"<p>Opening conference for the ORGANIC BRIDGE project was organised on 7<sup>th <\/sup>July 2017. The conference was hosted in the Cultural centre in Valpovo and attended by all project partners: Town of Valpovo; Centre for Organic Production Selen\u010da; Tera Tehnopolis Ltd, Osijek; and TERRA\u2019S Association, Subotica. Over 60 participants from Croatia and Serbia attended the conference.<\/p>\n<p>The ORGANIC BRIDGE project aims to contribute to the improvement of competitiveness of the Osijek-Baranja County, and South and North Ba\u010dka Districts through the development of new and\/or improved existing products, services and trademarks in organic production. They are based on an increase of organic producers\u2019 competences and strengthened cooperation between organic producers, associations of organic producers, local governments, support institutions, clusters, education and research organisations. It is directly in line with the overall Programme because it contributes to the strengthening of the social, economic and territorial development of the Programme area through implementation of joint interventions in strengthening of competitiveness and business environment.<\/p>\n<p>Opening conference 7.7.2017.<\/p>\n<div id='gallery-1' class='gallery galleryid-1403 gallery-columns-2 gallery-size-medium'><figure class='gallery-item'>\n\t\t\t<div class='gallery-icon landscape'>\n\t\t\t\t<a href='https:\/\/interreg-croatia-serbia.eu\/2014\/wp-content\/uploads\/2017\/10\/21.jpg'><img width=\"300\" height=\"169\" src=\"https:\/\/interreg-croatia-serbia.eu\/2014\/wp-content\/uploads\/2017\/10\/21-300x169.jpg\" class=\"attachment-medium size-medium\" alt=\"\" decoding=\"async\" srcset=\"https:\/\/interreg-croatia-serbia.eu\/2014\/wp-content\/uploads\/2017\/10\/21-300x169.jpg 300w, https:\/\/interreg-croatia-serbia.eu\/2014\/wp-content\/uploads\/2017\/10\/21.jpg 776w\" sizes=\"(max-width: 300px) 100vw, 300px\" \/><\/a>\n\t\t\t<\/div><\/figure><figure class='gallery-item'>\n\t\t\t<div class='gallery-icon landscape'>\n\t\t\t\t<a href='https:\/\/interreg-croatia-serbia.eu\/2014\/wp-content\/uploads\/2017\/10\/1.jpg'><img width=\"300\" height=\"169\" src=\"https:\/\/interreg-croatia-serbia.eu\/2014\/wp-content\/uploads\/2017\/10\/1-300x169.jpg\" class=\"attachment-medium size-medium\" alt=\"\" decoding=\"async\" srcset=\"https:\/\/interreg-croatia-serbia.eu\/2014\/wp-content\/uploads\/2017\/10\/1-300x169.jpg 300w, https:\/\/interreg-croatia-serbia.eu\/2014\/wp-content\/uploads\/2017\/10\/1.jpg 734w\" sizes=\"(max-width: 300px) 100vw, 300px\" \/><\/a>\n\t\t\t<\/div><\/figure>\n\t\t<\/div>\n\n<p>Jozef Ga\u0161parovski, President of the Centre for Organic Production of Selen\u010da, Vuk Radojevi\u0107, Provincial Secretary for Agriculture, Water Management and Forestry, PhD., Stjepan Glas, Authorized Minister of the Embassy of the Republic of Croatia in the Republic of Serbia, and Msc Lidija Maurovi\u0107 Ko\u0161\u0107ak, Director of Local Development Agency Valpovo-Petrijevci presented the importance of the project for the development of organic agriculture in the Eastern Slavonia and Vojvodina, and more widely.<\/p>\n<p>Selen\u010da, 29<sup>th<\/sup> September<\/p>\n<div id='gallery-2' class='gallery galleryid-1403 gallery-columns-2 gallery-size-medium'><figure class='gallery-item'>\n\t\t\t<div class='gallery-icon landscape'>\n\t\t\t\t<a href='https:\/\/interreg-croatia-serbia.eu\/2014\/wp-content\/uploads\/2017\/10\/Picture6.jpg'><img width=\"300\" height=\"225\" src=\"https:\/\/interreg-croatia-serbia.eu\/2014\/wp-content\/uploads\/2017\/10\/Picture6-300x225.jpg\" class=\"attachment-medium size-medium\" alt=\"\" decoding=\"async\" srcset=\"https:\/\/interreg-croatia-serbia.eu\/2014\/wp-content\/uploads\/2017\/10\/Picture6-300x225.jpg 300w, https:\/\/interreg-croatia-serbia.eu\/2014\/wp-content\/uploads\/2017\/10\/Picture6.jpg 945w\" sizes=\"(max-width: 300px) 100vw, 300px\" \/><\/a>\n\t\t\t<\/div><\/figure><figure class='gallery-item'>\n\t\t\t<div class='gallery-icon landscape'>\n\t\t\t\t<a href='https:\/\/interreg-croatia-serbia.eu\/2014\/wp-content\/uploads\/2017\/10\/3.jpg'><img width=\"300\" height=\"169\" src=\"https:\/\/interreg-croatia-serbia.eu\/2014\/wp-content\/uploads\/2017\/10\/3-300x169.jpg\" class=\"attachment-medium size-medium\" alt=\"\" decoding=\"async\" srcset=\"https:\/\/interreg-croatia-serbia.eu\/2014\/wp-content\/uploads\/2017\/10\/3-300x169.jpg 300w, https:\/\/interreg-croatia-serbia.eu\/2014\/wp-content\/uploads\/2017\/10\/3.jpg 945w\" sizes=\"(max-width: 300px) 100vw, 300px\" \/><\/a>\n\t\t\t<\/div><\/figure>\n\t\t<\/div>\n\n","protected":false},"featured_media":3642,"template":"","news-category":[27],"project-category":[65],"_links":{"self":[{"href":"https:\/\/interreg-croatia-serbia.eu\/2014\/wp-json\/wp\/v2\/novost\/1403"}],"collection":[{"href":"https:\/\/interreg-croatia-serbia.eu\/2014\/wp-json\/wp\/v2\/novost"}],"about":[{"href":"https:\/\/interreg-croatia-serbia.eu\/2014\/wp-json\/wp\/v2\/types\/novost"}],"wp:featuredmedia":[{"embeddable":true,"href":"https:\/\/interreg-croatia-serbia.eu\/2014\/wp-json\/wp\/v2\/media\/3642"}],"wp:attachment":[{"href":"https:\/\/interreg-croatia-serbia.eu\/2014\/wp-json\/wp\/v2\/media?parent=1403"}],"wp:term":[{"taxonomy":"news-category","embeddable":true,"href":"https:\/\/interreg-croatia-serbia.eu\/2014\/wp-json\/wp\/v2\/news-category?post=1403"},{"taxonomy":"project-category","embeddable":true,"href":"https:\/\/interreg-croatia-serbia.eu\/2014\/wp-json\/wp\/v2\/project-category?post=1403"}],"curies":[{"name":"wp","href":"https:\/\/api.w.org\/{rel}","templated":true}]}}

<p>Opening conference for the ORGANIC BRIDGE project was organised on 7<sup>th </sup>July 2017. The conference was hosted in the Cultural centre in Valpovo and attended by all project partners: Town of Valpovo; Centre for Organic Production Selenča; Tera Tehnopolis Ltd, Osijek; and TERRA’S Association, Subotica. Over 60 participants from Croatia and Serbia attended the conference.</p>
<p>The ORGANIC BRIDGE project aims to contribute to the improvement of competitiveness of the Osijek-Baranja County, and South and North Bačka Districts through the development of new and/or improved existing products, services and trademarks in organic production. They are based on an increase of organic producers’ competences and strengthened cooperation between organic producers, associations of organic producers, local governments, support institutions, clusters, education and research organisations. It is directly in line with the overall Programme because it contributes to the strengthening of the social, economic and territorial development of the Programme area through implementation of joint interventions in strengthening of competitiveness and business environment.</p>
<p>Opening conference 7.7.2017.</p>
<div id='gallery-1' class='gallery galleryid-1403 gallery-columns-2 gallery-size-medium'><figure class='gallery-item'>
			<div class='gallery-icon landscape'>
				<a href='https://interreg-croatia-serbia.eu/2014/wp-content/uploads/2017/10/21.jpg'><img width="300" height="169" src="https://interreg-croatia-serbia.eu/2014/wp-content/uploads/2017/10/21-300x169.jpg" class="attachment-medium size-medium" alt="" decoding="async" srcset="https://interreg-croatia-serbia.eu/2014/wp-content/uploads/2017/10/21-300x169.jpg 300w, https://interreg-croatia-serbia.eu/2014/wp-content/uploads/2017/10/21.jpg 776w" sizes="(max-width: 300px) 100vw, 300px" /></a>
			</div></figure><figure class='gallery-item'>
			<div class='gallery-icon landscape'>
				<a href='https://interreg-croatia-serbia.eu/2014/wp-content/uploads/2017/10/1.jpg'><img width="300" height="169" src="https://interreg-croatia-serbia.eu/2014/wp-content/uploads/2017/10/1-300x169.jpg" class="attachment-medium size-medium" alt="" decoding="async" srcset="https://interreg-croatia-serbia.eu/2014/wp-content/uploads/2017/10/1-300x169.jpg 300w, https://interreg-croatia-serbia.eu/2014/wp-content/uploads/2017/10/1.jpg 734w" sizes="(max-width: 300px) 100vw, 300px" /></a>
			</div></figure>
		</div>

<p>Jozef Gašparovski, President of the Centre for Organic Production of Selenča, Vuk Radojević, Provincial Secretary for Agriculture, Water Management and Forestry, PhD., Stjepan Glas, Authorized Minister of the Embassy of the Republic of Croatia in the Republic of Serbia, and Msc Lidija Maurović Košćak, Director of Local Development Agency Valpovo-Petrijevci presented the importance of the project for the development of organic agriculture in the Eastern Slavonia and Vojvodina, and more widely.</p>
<p>Selenča, 29<sup>th</sup> September</p>
<div id='gallery-2' class='gallery galleryid-1403 gallery-columns-2 gallery-size-medium'><figure class='gallery-item'>
			<div class='gallery-icon landscape'>
				<a href='https://interreg-croatia-serbia.eu/2014/wp-content/uploads/2017/10/Picture6.jpg'><img width="300" height="225" src="https://interreg-croatia-serbia.eu/2014/wp-content/uploads/2017/10/Picture6-300x225.jpg" class="attachment-medium size-medium" alt="" decoding="async" srcset="https://interreg-croatia-serbia.eu/2014/wp-content/uploads/2017/10/Picture6-300x225.jpg 300w, https://interreg-croatia-serbia.eu/2014/wp-content/uploads/2017/10/Picture6.jpg 945w" sizes="(max-width: 300px) 100vw, 300px" /></a>
			</div></figure><figure class='gallery-item'>
			<div class='gallery-icon landscape'>
				<a href='https://interreg-croatia-serbia.eu/2014/wp-content/uploads/2017/10/3.jpg'><img width="300" height="169" src="https://interreg-croatia-serbia.eu/2014/wp-content/uploads/2017/10/3-300x169.jpg" class="attachment-medium size-medium" alt="" decoding="async" srcset="https://interreg-croatia-serbia.eu/2014/wp-content/uploads/2017/10/3-300x169.jpg 300w, https://interreg-croatia-serbia.eu/2014/wp-content/uploads/2017/10/3.jpg 945w" sizes="(max-width: 300px) 100vw, 300px" /></a>
			</div></figure>
		</div>
